ime factors of 7076.
2, 29, 61
List the prime factors of 23643.
3, 37, 71
List the prime factors of 45286.
2, 22643
What are the prime factors of 72055?
5, 14411
What are the prime factors of 6045?
3, 5, 13, 31
What are the prime factors of 46306?
2, 13, 137
What are the prime factors of 12253?
12253
List the prime factors of 118990.
2, 5, 73, 163
List the prime factors of 31963.
31963
What are the prime factors of 22751?
22751
What are the prime factors of 1025?
5, 41
What are the prime factors of 7063?
7, 1009
List the prime factors of 5864.
2, 733
List the prime factors of 57918.
2, 3, 7, 197
List the prime factors of 476.
2, 7, 17
List the prime factors of 19569.
3, 11, 593
List the prime factors of 722.
2, 19
What are the prime factors of 706?
2, 353
What are the prime factors of 19?
19
What are the prime factors of 8559?
3, 317
List the prime factors of 1198.
2, 599
List the prime factors of 1375.
5, 11
What are the prime factors of 1241?
17, 73
What are the prime factors of 356?
2, 89
List the prime factors of 137317.
353, 389
What are the prime factors of 28713?
3, 17, 563
List the prime factors of 39322.
2, 19661
What are the prime factors of 1684?
2, 421
What are the prime factors of 24767?
24767
List the prime factors of 2842.
2, 7, 29
List the prime factors of 1432.
2, 179
What are the prime factors of 5957?
7, 23, 37
List the prime factors of 61084.
2, 15271
List the prime factors of 919.
919
What are the prime factors of 3304?
2, 7, 59
What are the prime factors of 30764?
2, 7691
What are the prime factors of 550?
2, 5, 11
List the prime factors of 40542.
2, 3, 29, 233
What are the prime factors of 48380?
2, 5, 41, 59
List the prime factors of 4820.
2, 5, 241
What are the prime factors of 3876?
2, 3, 17, 19
What are the prime factors of 91806?
2, 3, 11, 13, 107
What are the prime factors of 1065?
3, 5, 71
What are the prime factors of 4851?
3, 7, 11
List the prime factors of 279.
3, 31
List the prime factors of 10825.
5, 433
What are the prime factors of 126067?
126067
What are the prime factors of 1905?
3, 5, 127
What are the prime factors of 61592?
2, 7699
What are the prime factors of 9817?
9817
What are the prime factors of 3791?
17, 223
List the prime factors of 1339.
13, 103
List the prime factors of 2624.
2, 41
List the prime factors of 59622.
2, 3, 19, 523
What are the prime factors of 41529?
3, 109, 127
List the prime factors of 319.
11, 29
List the prime factors of 5819.
11, 23
What are the prime factors of 585?
3, 5, 13
List the prime factors of 80098.
2, 29, 1381
What are the prime factors of 1353?
3, 11, 41
What are the prime factors of 39049?
17, 2297
What are the prime factors of 53398?
2, 26699
List the prime factors of 43514.
2, 21757
What are the prime factors of 245?
5, 7
List the prime factors of 162841.
7, 43, 541
List the prime factors of 2189.
11, 199
What are the prime factors of 3934?
2, 7, 281
What are the prime factors of 240?
2, 3, 5
List the prime factors of 2420.
2, 5, 11
List the prime factors of 31637.
17, 1861
What are the prime factors of 4468?
2, 1117
List the prime factors of 49380.
2, 3, 5, 823
What are the prime factors of 9704?
2, 1213
What are the prime factors of 47731?
59, 809
List the prime factors of 3115.
5, 7, 89
List the prime factors of 64.
2
List the prime factors of 8759.
19, 461
List the prime factors of 294.
2, 3, 7
What are the prime factors of 6853?
7, 11, 89
What are the prime factors of 3553?
11, 17, 19
What are the prime factors of 109391?
109391
What are the prime factors of 32593?
11, 2963
What are the prime factors of 4707?
3, 523
What are the prime factors of 54194?
2, 7, 79
What are the prime factors of 12957?
3, 7, 617
What are the prime factors of 116533?
116533
What are the prime factors of 57500?
2, 5, 23
What are the prime factors of 44539?
11, 4049
What are the prime factors of 8701?
7, 11, 113
List the prime factors of 1372.
2, 7
What are the prime factors of 1217?
1217
List the prime factors of 4582.
2, 29, 79
List the prime factors of 5404.
2, 7, 193
List the prime factors of 1549.
1549
What are the prime factors of 2217?
3, 739
List the prime factors of 55487.
55487
What are the prime factors of 155?
5, 31
What are the prime factors of 43990?
2, 5, 53, 83
What are the prime factors of 2581?
29, 89
List the prime factors of 1991.
11, 181
What are the prime factors of 3129?
3, 7, 149
What are the prime factors of 1121?
19, 59
List the prime factors of 1904.
2, 7, 17
List the prime factors of 99611.
99611
What are the prime factors of 1452?
2, 3, 11
What are the prime factors of 109162?
2, 54581
What are the prime factors of 2297?
2297
List the prime factors of 2729.
2729
List the prime factors of 99771.
3, 7, 4751
What are the prime factors of 65?
5, 13
What are the prime factors of 147051?
3, 16339
What are the prime factors of 2884?
2, 7, 103
What are the prime factors of 21091?
7, 23, 131
What are the prime factors of 676?
2, 13
List the prime factors of 1377.
3, 17
What are the prime factors of 11829?
3, 3943
What are the prime factors of 342?
2, 3, 19
What are the prime factors of 6005?
5, 1201
What are the prime factors of 23331?
3, 7, 11, 101
What are the prime factors of 5627?
17, 331
What are the prime factors of 12076?
2, 3019
What are the prime factors of 6926?
2, 3463
What are the prime factors of 7731?
3, 859
List the prime factors of 3472.
2, 7, 31
List the prime factors of 2801.
2801
What are the prime factors of 87?
3, 29
List the prime factors of 29298.
2, 3, 19, 257
What are the prime factors of 102?
2, 3, 17
What are the prime factors of 2475?
3, 5, 11
List the prime factors of 25116.
2, 3, 7, 13, 23
What are the prime factors of 5349?
3, 1783
List the prime factors of 436.
2, 109
What are the prime factors of 11540?
2, 5, 577
List the prime factors of 77571.
3, 13, 17
List the prime factors of 30600.
2, 3, 5, 17
What are the prime factors of 450?
2, 3, 5
List the prime factors of 35591.
35591
List the prime factors of 632.
2, 79
What are the prime factors of 248?
2, 31
What are the prime factors of 1669?
1669
List the prime factors of 870.
2, 3, 5, 29
What are the prime factors of 1688?
2, 211
What are the prime factors of 38693?
38693
List the prime factors of 32895.
3, 5, 17, 43
List the prime factors of 1443.
3, 13, 37
What are the prime factors of 9114?
2, 3, 7, 31
List the prime factors of 28534.
2, 11, 1297
List the prime factors of 16032.
2, 3, 167
List the prime factors of 507.
3, 13
What are the prime factors of 29491?
7, 11, 383
List the prime factors of 6406.
2, 3203
List the prime factors of 162.
2, 3
What are the prime factors of 5031?
3, 13, 43
What are the prime factors of 94?
2, 47
What are the prime factors of 1202?
2, 601
What are the prime factors of 9278?
2, 4639
What are the prime factors of 4957?
4957
What are the prime factors of 9164?
2, 29, 79
List the prime factors of 1642.
2, 821
What are the prime factors of 153672?
2, 3, 19, 337
What are the prime factors of 95?
5, 19
List the prime factors of 5521.
5521
What are the prime factors of 85501?
13, 6577
List the prime factors of 30.
2, 3, 5
List the prime factors of 1142.
2, 571
What are the prime factors of 271?
271
List the prime factors of 37279.
11, 3389
List the prime factors of 1224.
2, 3, 17
List the prime factors of 3692.
2, 13, 71
What are the prime factors of 875?
5, 7
What are the prime factors of 113424?
2, 3, 17, 139
What are the prime factors of 3583?
3583
List the prime factors of 23145.
3, 5, 1543
List the prime factors of 1015.
5, 7, 29
What are the prime factors of 594?
2, 3, 11
What are the prime factors of 9506?
2, 7, 97
What are the prime factors of 18274?
2, 9137
What are the prime factors of 164?
2, 41
What are the prime factors of 46601?
46601
What are the prime factors of 20983?
20983
List the prime factors of 9193.
29, 317
List the prime factors of 22008.
2, 3, 7, 131
What are the prime factors of 5314?
2, 2657
List the prime factors of 34403.
34403
What are the prime factors of 4387?
41, 107
What are the prime factors of 68280?
2, 3, 5, 569
What are the prime factors of 6293?
7, 29, 31
What are the prime factors of 2834?
2, 13, 109
List the prime factors of 11453.
13, 881
What are the prime factors of 834?
2, 3, 139
What are the prime 